74
What is the remainder when 504 is divided by 85?
79
Calculate the remainder when 1270 is divided by 10.
0
What is the remainder when 448 is divided by 15?
13
Calculate the remainder when 701 is divided by 27.
26
Calculate the remainder when 353 is divided by 125.
103
Calculate the remainder when 2979 is divided by 296.
19
What is the remainder when 462 is divided by 52?
46
What is the remainder when 1467 is divided by 42?
39
What is the remainder when 667 is divided by 113?
102
Calculate the remainder when 1982 is divided by 142.
136
What is the remainder when 372 is divided by 54?
48
What is the remainder when 1675 is divided by 39?
37
Calculate the remainder when 21 is divided by 11.
10
What is the remainder when 828 is divided by 104?
100
Calculate the remainder when 96 is divided by 49.
47
Calculate the remainder when 94 is divided by 27.
13
Calculate the remainder when 114 is divided by 33.
15
What is the remainder when 432 is divided by 40?
32
What is the remainder when 42 is divided by 26?
16
Calculate the remainder when 1538 is divided by 10.
8
What is the remainder when 7550 is divided by 3773?
4
What is the remainder when 1773 is divided by 28?
9
Calculate the remainder when 10 is divided by 8.
2
What is the remainder when 45 is divided by 5?
0
Calculate the remainder when 7086 is divided by 8.
6
Calculate the remainder when 22 is divided by 12.
10
What is the remainder when 277 is divided by 193?
84
What is the remainder when 907 is divided by 85?
57
Calculate the remainder when 177 is divided by 8.
1
Calculate the remainder when 5806 is divided by 16.
14
What is the remainder when 11909 is divided by 43?
41
What is the remainder when 2712 is divided by 19?
14
What is the remainder when 627 is divided by 31?
7
Calculate the remainder when 154 is divided by 35.
14
Calculate the remainder when 126 is divided by 11.
5
What is the remainder when 312 is divided by 21?
18
Calculate the remainder when 91 is divided by 33.
25
Calculate the remainder when 41 is divided by 4.
1
Calculate the remainder when 1852 is divided by 268.
244
What is the remainder when 589 is divided by 479?
110
Calculate the remainder when 98 is divided by 41.
16
Calculate the remainder when 339 is divided by 152.
35
Calculate the remainder when 3227 is divided by 101.
96
Calculate the remainder when 195 is divided by 54.
33
What is the remainder when 928 is divided by 18?
10
Calculate the remainder when 232 is divided by 11.
1
Calculate the remainder when 1678 is divided by 33.
28
What is the remainder when 1198 is divided by 240?
238
Calculate the remainder when 523 is divided by 35.
33
What is the remainder when 13054 is divided by 35?
34
What is the remainder when 334 is divided by 34?
28
What is the remainder when 632 is divided by 49?
44
What is the remainder when 698 is divided by 64?
58
Calculate the remainder when 101 is divided by 101.
0
Calculate the remainder when 50 is divided by 45.
5
What is the remainder when 55 is divided by 10?
5
Calculate the remainder when 1148 is divided by 35.
28
Calculate the remainder when 215 is divided by 32.
23
What is the remainder when 1026 is divided by 507?
12
What is the remainder when 150 is divided by 52?
46
Calculate the remainder when 429 is divided by 64.
45
What is the remainder when 11 is divided by 3?
2
Calculate the remainder when 133 is divided by 5.
3
Calculate the remainder when 31 is divided by 12.
7
Calculate the remainder when 1502 is divided by 35.
32
Calculate the remainder when 424 is divided by 141.
1
Calculate the remainder when 2671 is divided by 99.
97
What is the remainder when 54 is divided by 22?
10
What is the remainder when 1511 is divided by 14?
13
What is the remainder when 4665 is divided by 30?
15
What is the remainder when 184 is divided by 28?
16
Calculate the remainder when 1144 is divided by 82.
78
What is the remainder when 95 is divided by 69?
26
Calculate the remainder when 3695 is divided by 70.
55
What is the remainder when 22 is divided by 9?
4
What is the remainder when 960 is divided by 35?
15
What is the remainder when 2035 is divided by 170?
165
What is the remainder when 134 is divided by 35?
29
What is the remainder when 6841 is divided by 37?
33
Calculate the remainder when 218 is divided by 56.
50
Calculate the remainder when 612 is divided by 299.
14
Calculate the remainder when 5912 is divided by 174.
170
Calculate the remainder when 1908 is divided by 39.
36
Calculate the remainder when 293 is divided by 21.
20
What is the remainder when 1156 is divided by 72?
4
What is the remainder when 1711 is divided by 35?
31
What is the remainder when 45 is divided by 43?
2
Calculate the remainder when 439 is divided by 53.
15
Calculate the remainder when 2249 is divided by 50.
49
What is the remainder when 268 is divided by 41?
22
What is the remainder when 3527 is divided by 10?
7
What is the remainder when 1101 is divided by 58?
57
Calculate the remainder when 207 is divided by 10.
7
Calculate the remainder when 534 is divided by 106.
4
What is the remainder when 669 is divided by 48?
45
Calculate the remainder when 18 is divided by 3.
0
What is the remainder when 7621 is divided by 11?
9
What is the remainder when 4577 is divided by 7?
6
Calculate the remainder when 4148 is divided by 50.
48
Calculate the remainder when 568 is divided by 39.
22
What is the remainder when 69 is divided by 37?
32
Calculate the remainder when 640 is divided by 15.
10
What is the remainder when 4227 is divided by 384?
3
Calculate the remainder when 147 is divided by 47.
6
Calculate the remainder when 1668 is divided by 64.
4
What is the remainder when 42 is divided by 16?
10
What is the remainder when 479 is divided by 16?
15
What is the remainder when 1699 is divided by 46?
43
Calculate the remainder when 2311 is divided by 5.
1
What is the remainder when 118 is divided by 61?
57
What is the remainder when 2359 is divided by 4?
3
What is the remainder when 219 is divided by 25?
19
Calculate the remainder when 2202 is divided by 17.
9
Calculate the remainder when 381 is divided by 96.
93
What is the remainder when 478 is divided by 117?
10
What is the remainder when 118 is divided by 25?
18
Calculate the remainder when 225 is divided by 80.
65
What is the remainder when 54 is divided by 12?
6
Calculate the remainder when 1927 is divided by 176.
167
What is the remainder when 7421 is divided by 8?
5
What is the remainder when 110 is divided by 37?
36
Calculate the remainder when 46 is divided by 15.
1
Calculate the remainder when 437 is divided by 121.
74
Calculate the remainder when 417 is divided by 30.
27
Calculate the remainder when 964 is divided by 46.
44
What is the remainder when 51 is divided by 12?
3
Calculate the remainder when 969 is divided by 9.
6
Calculate the remainder when 2006 is divided by 37.
8
What is the remainder when 1673 is divided by 18?
17
Calculate the remainder when 19277 is divided by 21.
20
What is the remainder when 1142 is divided by 559?
24
What is the remainder when 1461 is divided by 76?
17
Calculate the remainder when 4307 is divided by 331.
4
What is the remainder when 53 is divided by 3?
2
What is the remainder when 1007 is divided by 299?
110
Calculate the remainder when 780 is divided by 196.
192
Calculate the remainder when 331 is divided by 114.
103
Calculate the remainder when 109 is divided by 63.
46
Calculate the remainder when 337 is divided by 16.
1
What is the remainder when 1670 is divided by 93?
89
Calculate the remainder when 12 is divided by 7.
5
Calculate the remainder when 644 is divided by 3.
2
What is the remainder when 272 is divided by 129?
14
What is the remainder when 209 is divided by 30?
29
Calculate the remainder when 179 is divided by 135.
44
What is the remainder when 403 is divided by 222?
181
What is the remainder when 1810 is divided by 6?
4
Calculate the remainder when 204 is divided by 69.
66
Calculate the remainder when 107 is divided by 36.
35
What is the remainder when 216 is divided by 13?
8
What is the remainder when 6094 is divided by 12?
10
Calculate the remainder when 179 is divided by 37.
31
What is the remainder when 1464 is divided by 14?
8
What is the remainder when 2209 is divided by 79?
76
What is the rem